Is 4616 a factor of 558572928?
True
Is 13169914 a multiple of 27?
False
Is 35 a factor of 42945057?
False
Is 2268132 a multiple of 4?
True
Does 45 divide 2158079277?
False
Is 415 a factor of 135711225?
True
Is 342 a factor of 32531040?
True
Does 1418 divide 498486556?
True
Is 62 a factor of 102642757?
False
Does 6 divide 93021743?
False
Is 430684932 a multiple of 948?
True
Does 68 divide 285095321?
False
Does 107 divide 61312605?
True
Does 241 divide 133291117?
False
Is 35 a factor of 13345832?
False
Does 230 divide 6910810?
True
Does 1769 divide 269446622?
False
Is 103 a factor of 127707592?
False
Is 314 a factor of 245249072?
True
Does 6540 divide 1854240420?
True
Is 1597 a factor of 13823632?
True
Does 519 divide 93711159?
True
Does 536 divide 935334457?
False
Is 66 a factor of 20103013?
False
Is 3479 a factor of 1242500497?
True
Is 1290413261 a multiple of 6?
False
Is 23 a factor of 61951367?
False
Is 2672378873 a multiple of 2477?
False
Is 809 a factor of 18976961?
False
Is 105613978 a multiple of 11?
False
Is 2233613156 a multiple of 1324?
True
Does 21 divide 1758815349?
False
Is 1146 a factor of 16337376?
True
Does 26 divide 324110540?
True
Is 889951824 a multiple of 8?
True
Does 65 divide 12735731?
False
Does 234 divide 2323585134?
True
Is 65 a factor of 15276170?
True
Is 2237 a factor of 402218937?
False
Is 60 a factor of 4596654442?
False
Is 1821 a factor of 315996309?
True
Does 32 divide 88094360?
False
Is 1165013604 a multiple of 62?
True
Is 3837 a factor of 111549264?
True
Does 9 divide 340175655?
True
Does 17 divide 11867173?
True
Is 55 a factor of 15235107?
False
Is 846 a factor of 119246238?
True
Is 7868304 a multiple of 3?
True
Is 2135795187 a multiple of 8949?
True
Is 499 a factor of 750144406?
False
Does 427 divide 99286542?
False
Is 387162824 a multiple of 336?
False
Is 771 a factor of 52256067?
True
Is 22791901 a multiple of 330?
False
Is 28938217 a multiple of 427?
True
Is 353 a factor of 680471181?
False
Does 864 divide 13706416?
False
Is 296414412 a multiple of 54?
False
Is 12537791 a multiple of 309?
False
Does 118 divide 6621323970?
True
Does 21 divide 16037294?
False
Does 1076 divide 2969032624?
True
Is 5723 a factor of 1973011412?
False
Is 28968863 a multiple of 209?
True
Is 1004 a factor of 82045876?
True
Is 94 a factor of 76122550?
False
Is 2997 a factor of 1439546013?
True
Is 35 a factor of 5962285?
True
Is 13 a factor of 188824350?
True
Is 599580282 a multiple of 1718?
True
Does 23 divide 352691321?
False
Is 41 a factor of 2788535?
False
Does 354 divide 2334858477?
False
Is 41 a factor of 106031453?
True
Is 559 a factor of 131187238?
True
Does 404 divide 76511540?
True
Is 409 a factor of 109963740?
True
Is 197 a factor of 200161006?
False
Is 183 a factor of 212628776?
False
Does 416 divide 985643360?
True
Is 463 a factor of 367570144?
True
Does 1350 divide 46057950?
True
Is 33223632 a multiple of 15?
False
Is 146485863 a multiple of 739?
False
Does 1411 divide 130688231?
True
Is 1798 a factor of 580957421?
False
Is 113268120 a multiple of 705?
True
Does 58 divide 19665828?
True
Is 130 a factor of 31133180?
True
Is 39185376 a multiple of 1104?
True
Does 5954 divide 497033772?
False
Is 433 a factor of 119086564?
False
Is 36 a factor of 1239477399?
False
Does 1570 divide 224814580?
True
Is 289402900 a multiple of 1850?
True
Is 66229098 a multiple of 494?
True
Is 473619871 a multiple of 213?
False
Is 107671904 a multiple of 164?
True
Is 20939851 a multiple of 211?
True
Does 338 divide 1127039189?
False
Is 6 a factor of 155167641?
False
Is 6987 a factor of 407139477?
True
Does 16 divide 212115106?
False
Does 386 divide 459293092?
False
Is 2299495121 a multiple of 6?
False
Does 1243 divide 193554988?
True
Is 11459925 a multiple of 15?
True
Is 1195296957 a multiple of 3389?
False
Does 1872 divide 182668238?
False
Is 251900522 a multiple of 12?
False
Is 13 a factor of 114572770?
True
Does 108 divide 1391881968?
True
Does 73 divide 1743122506?
False
Is 97 a factor of 783755741?
False
Does 3002 divide 778148420?
True
Is 87 a factor of 39042294?
True
Is 158683440 a multiple of 912?
True
Is 7549346 a multiple of 707?
True
Is 552375396 a multiple of 2538?
True
Is 39 a factor of 148410488?
False
Is 129634804 a multiple of 52?
True
Is 77718000 a multiple of 1563?
False
Is 111 a factor of 382998718?
False
Is 18531700 a multiple of 425?
True
Does 32 divide 14472771?
False
Does 38 divide 8861638?
True
Does 44 divide 11996242?
False
Does 14 divide 11835768?
True
Is 132 a factor of 8083548?
True
Is 3488111 a multiple of 253?
True
Does 627 divide 19719150?
True
Is 22398504 a multiple of 8?
True
Is 378001115 a multiple of 3?
False
Does 763 divide 368605300?
True
Does 640 divide 45991040?
True
Is 262 a factor of 2670254220?
True
Is 587403339 a multiple of 1077?
True
Does 182 divide 92311152?
False
Does 365 divide 241862602?
False
Is 695653637 a multiple of 4?
False
Is 84237345 a multiple of 6490?
False
Is 67352440 a multiple of 1114?
True
Does 10 divide 27187110?
True
Is 70556648 a multiple of 35?
False
Does 59 divide 1946056?
True
Is 60473365 a multiple of 217?
False
Is 283766516 a multiple of 2?
True
Does 1788 divide 219709440?
True
Does 9 divide 326574175?
False
Does 833 divide 20713378?
True
Is 6 a factor of 29590288?
False
Is 41166759 a multiple of 776?
False
Is 355762205 a multiple of 657?
False
Does 1084 divide 56581311?
False
Does 4883 divide 427687321?
True
Does 7 divide 27207350?
False
Does 839 divide 32797493?
False
Is 11700680 a multiple of 215?
False
Does 25 divide 74136961?
False
Is 9711317 a multiple of 2?
False
Is 667 a factor of 17301282?
False
Is 903 a factor of 127042205?
False
Does 224 divide 14096544?
True
Is 120 a factor of 3901674360?
True
Does 35 divide 989661330?
True
Is 7358333 a multiple of 15?
False
Does 146 divide 52491380?
True
Is 80 a factor of 182420630?
False
Does 2378 divide 243578540?
True
Is 117021978 a multiple of 22?
False
Is 288 a factor of 25101655?
False
Is 110025860 a multiple of 35?
True
Does 164 divide 1564748005?
False
Is 15564010 a multiple of 319?
True
Is 2355 a factor of 163228700?
False
Is 224977250 a multiple of 1025?
True
Is 348237558 a multiple of 86?
False
Is 9879224 a multiple of 31?
False
Is 20 a factor of 4379543?
False
Is 738694540 a multiple of 34?
True
Does 528 divide 186385056?
True
Does 3548 divide 1476728760?
False
Is 2641360150 a multiple of 11765?
True
Is 31503510 a multiple of 2286?
False
Is 498 a factor of 1519083762?
True
Is 55 a factor of 2000167620?
True
Is 2637496986 a multiple of 14?
False
Does 12 divide 2596901784?
True
Does 11 divide 3340938677?
False
Is 738526789 a multiple of 1463?
True
Is 10862093 a multiple of 78?
False
Is 13 a factor of 99326981?
True
Does 132 divide 155682780?
True
Does 45 divide 4755828?
False
Is 373 a factor of 3013941829?
True
Is 18 a factor of 7332462?
True
Is 412 a factor of 4244080?
False
Is 22 a factor of 3499892154?
True
Does 53 divide 1025139824?
False
Is 6 a factor of 166974228?
True
Is 2705 a factor of 511441063?
False
Is 211 a factor of 215595573?
False
Does 342 divide 22385610?
True
Does 331 divide 15737336?
False
Is 59028690 a multiple of 142?
True
Is 1109 a factor of 2603694674?
True
Is 14054103 a multiple of 861?
True
Is 530809943 a multiple of 313?
False
Is 971 a factor of 18299916?
False
Does 436 divide 48586475?
False
Is 1025 a factor of 490899150?
True
Is 73 a factor of 818542378?
False
Is 3416 a factor of 399384465?
False
Does 411 divide 51865359?
False
Is 156 a factor of 14683032?
True
Is 218 a factor of 1618239344?
False
Is 6654110 a multiple of 830?
True
Is 2 a factor of 504835533?
False
Is 19880920 a multiple of 77?
False
Does 22 divide 52933126?
False
Does 405 divide 114496740?
True
Is 217030464 a multiple of 504?
True
Is 2186 a factor of 133992385?
False
Is 41758240 a multiple of 248?
True
Does 128 divide 1089838?
False
Is 123 a factor of 442073266?
False
Is 112 a factor of 148985201?
False
Is 120514734 a multiple of 1734?
True
Does 1303 divide 946269?
False
Is 1416 a factor of 3021475740?
False
Does 240 divide 10020720?
True
Is 658 a factor of 976248938?
True
Does 32 divide 80863793?
False
Does 51 divide 141443328?
False
Is 7049538 a multiple of 417?
False
Is 627603765 a multiple of 73?
False
Is 90 a factor 